b0 (base 16) to base 10
-2234288
Convert 57054 (base 9) to base 2.
1001010001000101
Convert 115449 (base 10) to base 6.
2250253
Convert dde0dc (base 15) to base 7.
155623032
Convert 22212122101000 (base 3) to base 6.
245033300
Convert 1544411 (base 6) to base 3.
11122211121
-2414746 (base 8) to base 13
-1a2414
Convert -7348a8 (base 14) to base 4.
-32312113210
96149 (base 14) to base 9
612183
What is -155894 (base 13) in base 11?
-32a678
What is 100211301211 (base 4) in base 13?
b936b9
What is 12333410 (base 5) in base 13?
4317a
Convert 14fed3 (base 16) to base 10.
1375955
Convert -b811b (base 12) to base 10.
-242087
-20847721 (base 9) to base 7
-151411240
-10103031300 (base 4) to base 10
-1127280
What is -48c317 (base 13) in base 5?
-421144201
Convert -10010001010001110000 (base 2) to base 3.
-1010020021010
What is 262243 (base 7) in base 14?
13b23
What is 3a5ff (base 16) in base 10?
239103
What is -282078 (base 12) in base 2?
-10100010110111011100
What is 4a4739 (base 12) in base 14?
2372b3
What is -40966 (base 12) in base 9?
-137586
1477475 (base 11) to base 9
4672848
Convert 93d18 (base 16) to base 9.
1122477
-26c1 (base 14) to base 4
-1222301
-1401131 (base 6) to base 8
-230317
What is -a99ab (base 16) in base 9?
-1267847
-141141201 (base 5) to base 2
-10110000111001000111
-1100100100110001101011 (base 2) to base 7
-40006250
What is -177093 (base 12) in base 7?
-3311142
Convert -1437e4 (base 15) to base 11.
-605693
What is 1000413241 (base 6) in base 7?
151640446
Convert -464205 (base 10) to base 8.
-1612515
Convert 211251343 (base 6) to base 8.
16112457
-1654510 (base 14) to base 8
-51637222
What is 9e70d (base 15) in base 2?
1111011001010001111
Convert -c5ba2 (base 13) to base 11.
-223281
27158f (base 16) to base 14
4a966b
Convert 1902157 (base 11) to base 12.
10b57b5
What is -30967 (base 15) in base 5?
-14411442
What is 80684 (base 10) in base 11?
5568a
Convert -96662 (base 16) to base 11.
-390921
What is 43511133 (base 6) in base 11?
808915
58239 (base 13) to base 14
42835
290543 (base 10) to base 8
1067357
-159d80 (base 14) to base 9
-1373680
What is -43781 (base 11) in base 4?
-33200011
What is 2ea1b (base 16) in base 3?
100201000012
Convert -111001001110100010011 (base 2) to base 10.
-1875219
-2001057 (base 9) to base 12
-433667
What is dbacd7 (base 14) in base 12?
25b0039
64e98 (base 15) to base 16
4e41f
1191138 (base 11) to base 14
3bac26
Convert -11135d (base 14) to base 2.
-10001101100001000111
Convert -111011100110001001110000 (base 2) to base 14.
-2109600
What is -788186 (base 10) in base 7?
-6461630
151752 (base 8) to base 5
3214000
45714 (base 9) to base 2
111011100000101
2110324 (base 6) to base 15
2058d
c633 (base 13) to base 9
41546
-26954 (base 12) to base 3
-2200222101
Convert -362146 (base 16) to base 8.
-15420506
6d3d2 (base 14) to base 4
1001022330
22303303100 (base 4) to base 13
7829c6
What is -1312462 (base 7) in base 5?
-20441042
652e9 (base 16) to base 13
116841
Convert 551236 (base 8) to base 15.
39c2a
Convert c5d41 (base 16) to base 12.
330b15
What is 20101200011100 (base 3) in base 11?
1a11561
-156073 (base 10) to base 8
-460651
What is -31323 (base 7) in base 5?
-221320
Convert 2d338 (base 16) to base 11.
117113
a20a04 (base 11) to base 9
3071030
271733 (base 9) to base 14
4438b
Convert 1132172 (base 9) to base 2.
10010101010111000001
Convert 79e6b (base 15) to base 4.
1132232201
1491178 (base 10) to base 4
11230003222
Convert 23109 (base 12) to base 11.
32194
What is -125333 (base 8) in base 5?
-2344424
-103233110210 (base 4) to base 14
-989aba
110021120112 (base 3) to base 5
30213333
Convert 441757 (base 11) to base 4.
2230013300
4745047 (base 8) to base 5
313000220
Convert -244164 (base 10) to base 13.
-8719b
What is -1508057 (base 9) in base 2?
-11001011010000111010
What is -100010110001010110010 (base 2) in base 12?
-46b442
What is -6da48 (base 16) in base 10?
-449096
What is -196513c (base 13) in base 4?
-133312310221
What is -100110110110100101110 (base 2) in base 14?
-251d82
Convert -11266316 (base 7) to base 16.
-f20c6
Convert 1001110000010010011111 (base 2) to base 11.
14971a5
Convert -bba60 (base 14) to base 11.
-290779
Convert -1100420011 (base 5) to base 4.
-20333210002
What is 521386 (base 9) in base 13?
aaab4
What is 4023847 (base 9) in base 12?
873544
2ba577 (base 13) to base 15
164d80
Convert -102136535 (base 7) to base 11.
-3446830
-8217548 (base 9) to base 13
-ba555b
-81195 (base 11) to base 16
-1cf9c
22760 (base 11) to base 9
50057
-1400241210 (base 5) to base 3
-20122001210002
What is 5985160 (base 11) in base 10?
10431234
What is -16a09 (base 13) in base 8?
-124662
Convert 111212120200 (base 3) to base 11.
177185
4215155 (base 6) to base 5
23021443
What is -10330013023 (base 4) in base 16?
-13c1cb
184585 (base 10) to base 13
6602b
Convert 10067 (base 13) to base 15.
874b
Convert -10403012432 (base 5) to base 10.
-11375992
Convert 994be0 (base 15) to base 5.
3332244220
What is 43054333 (base 6) in base 3?
2101101020210
Convert 14525415 (base 8) to base 6.
155101033
What is -2541833 (base 9) in base 13?
-3969b4
111102 (base 9) to base 13
24305
What is -12101211012 (base 3) in base 6?
-2140052
What is 11100100100100101 (base 2) in base 16?
1c925
What is -514560 (base 9) in base 15?
-60656
Convert 8795 (base 14) to base 8.
55637
What is 54110221 (base 8) in base 9?
23685810
Convert -51a58 (base 13) to base 7.
-1150613
What is 5172 (base 11) in base 2?
1101011000111
Convert -11011220 (base 4) to base 6.
-240252
Convert -1444141 (base 7) to base 12.
-95477
Convert 220012112012 (base 3) to base 10.
476420
What is -13320331 (base 5) in base 6?
-2524152
267066 (base 8) to base 4
112320312
What is 24a605 (base 12) in base 9?
1112305
What is 21020111101 (base 3) in base 4?
202302310
-111020120210222 (base 3) to base 6
-410504555
What is -857a7 (base 11) in base 8?
-363513
Convert -1343330 (base 6) to base 16.
-128a6
What is 21716 (base 14) in base 12?
3aa34
What is 1011110010000100 (base 2) in base 14?
13832
111011011110001100111 (base 2) to base 11
1111164
-1200012200101 (base 3) to base 2
-11011001010000010100
What is 32436450 (base 8) in base 5?
3240244342
Convert 533004034 (base 6) to base 3.
122122111012211
-1021243 (base 5) to base 3
-212102100
1121112102121 (base 3) to base 5
204410023
-9049e3 (base 15) to base 11
-3959656
Convert 81473 (base 12) to base 10.
168279
What is 34b56 (base 13) in base 12?
47955
What is e0d6c (base 16) in base 7?
10553646
Convert 779cb (base 16) to base 7.
4110241
Convert 3323451 (base 6) to base 14.
44a7d
505533 (base 7) to base 15
1a749
1200244 (base 7) to base 15
2eccd
What is -fdf44a (base 16) in base 13?
-35a9520
What is 10100001110011110000 (base 2) in base 7?
5430161
Convert -303103012 (base 4) to base 6.
-4300434
What is -22353160 (base 7) in base 5?
-444232210
-1000241 (base 5) to base 6
-200400
-1314124031 (base 5) to base 16
-31e774
1665162 (base 7) to base 16
394d1
12021020010 (base 3) to base 5
11304213
200433310 (base 5) to base 8
3022660
111041 (base 6) to base 16
2461
What is 332110321 (base 4) in base 6?
5245521
What is -1320136 (base 8) in base 11?
-232043
Convert -10430033 (base 5) to base 9.
-150817
111301111 (base 4) to base 13
31786
What is -2b35ba (base 13) in base 12?
-433b36
What is 31020000303 (base 4) in base 5?
1340100231
Convert -21011122220212 (base 3) to base 6.
-213411335
Convert 4128a (base 11) to base 16.
eb4b
What is -3013103011 (base 4) in base 11?
-508354
21043642 (base 7) to base 11
1003116
-11012301320 (base 5) to base 16
-b4a10e
What is 32141223 (base 6) in base 12?
397813
What is 30c49c (base 15) in base 4?
20312110320
255343113 (base 6) to base 11
291a717
Convert 1ea672 (base 16) to base 13.
554398
What is 112014423 (base 6) in base 2?
111110101110000001111
-364337 (base 13) to base 16
-13c0fa
What is -22211331310 (base 4) in base 2?
-1010100101111101110100
Convert 404030 (base 6) to base 12.
16616
-3308217 (base 9) to base 7
-21052105
Convert 1575925 (base 11) to base 10.
2687074
163105a (base 14) to base 6
1025025052
Convert 1000100100110100001 (base 2) to base 13.
9ab8b
What is 17307 (base 13) in base 5?
2410304
1277116 (base 8) to base 3
200021211212
What is -1000000010000111011110 (base 2) in base 9?
-3858572
143